{"id":898,"date":"2011-09-23T15:15:41","date_gmt":"2011-09-23T15:15:41","guid":{"rendered":"http:\/\/rttheme15.templatemints.com\/?page_id=5"},"modified":"2025-10-09T07:19:50","modified_gmt":"2025-10-09T05:19:50","slug":"ueber-mich","status":"publish","type":"page","link":"https:\/\/www.vertrau-dir.ch\/?page_id=898","title":{"rendered":"\u00dcBER MICH"},"content":{"rendered":"<p>Als Kind wird uns vieles auferlegt und wir werden gepr\u00e4gt durch die Ansichten und Werte unserer Eltern und Entourage. Doch wird man \u00e4lter und jugendlich, so entwickelt man seinen eigenen Charakter \u2013 aus der Summe des Erlernten und Erlebten.<\/p>\n<p>Hier gilt es zu entscheiden \u2013 will man in die Fussstapfen der anderen treten oder m\u00f6chte man seinen eigenen Weg gehen?<\/p>\n<p>Als Jugendliche habe ich mich f\u00fcr den eigenen Weg entschieden und das erste Mal Mentaltraining angewendet, ohne zu wissen, was es ist und dass ich erst 17 Jahre sp\u00e4ter erfahren sollte, was ich dort eigentlich tat. Weitere Situationen in meinem Leben zeigten, dass ich immer wieder Mentaltraining \u00ablebte\u00bb und nicht wusste, wie mir geschah.<\/p>\n<p>Schliesslich wollte ich mich weiterbilden und hatte mich kurzerhand f\u00fcr zwei Module \u00abMentaltrainer\u00bb angemeldet, welche insgesamt vier Samstage dauern sollten. Doch unser Weg ist bereits geschrieben, bevor wir ihn beschreiten, und so wurde aus vier Samstags-Kursen schliesslich eine Diplomausbildung von etwas mehr als einem Jahr.<\/p>\n<p>Die Techniken, Funktionen unserer Denkweise und vieles mehr waren so fesselnd, dass ich mich f\u00fcr eine seri\u00f6se Ausbildung entschied, die viel Zeit in Anspruch nahm.<\/p>\n<p>Als langj\u00e4hrige Angeh\u00f6rige der <a href=\"https:\/\/www.fwluzern.ch\/\" target=\"_blank\">Feuerwehr Stadt Luzern<\/a> mit diversen Zusatzaufgaben ist mir bekannt, was passiert, wenn Einsatz gefordert ist, man pl\u00f6tzlich aus dem regul\u00e4ren Alltagstrott gerissen wird und sich unerwartet auf neue, schwierige Situationen einstellen muss. Daher richtet sich mein <a href=\"http:\/\/www.vertrau-dir.ch\/?page_id=74\">Angebot<\/a> auch an <a href=\"http:\/\/www.vertrau-dir.ch\/?page_id=1126\">Angeh\u00f6rige von Blaulichtorganisationen und Sicherheitsdiensten<\/a>.<\/p>\n<h5>Hier k\u00f6nnen einfache Techniken eingesetzt werden, um\u2026<\/h5>\n<p>\u2026 einen k\u00fchlen Kopf zu behalten,<br \/>\n\u2026 Ruhe zu bewahren und somit<br \/>\n\u2026 rational und effizient arbeiten zu k\u00f6nnen.<\/p>\n<p>Denn nur so kann die bestm\u00f6gliche Leistung erbracht werden.<\/p>\n<h5>Meine zwei Lebensmottos sind\u2026<\/h5>\n<p>\u2026 \u00abgeht nicht gibt\u2019s nicht\u00bb und<br \/>\n\u2026 \u00abwas nicht passt, wird passend gemacht\u00bb<\/p>\n<p>M\u00f6chten Sie mehr \u00fcber mich, meine Arbeit und Erfahrungen wissen? <a href=\"http:\/\/www.vertrau-dir.ch\/?page_id=82\">Kontaktieren Sie mich<\/a> zu einem kostenlosen Beratungsgespr\u00e4ch. Ich freue mich auf Ihren Besuch!<\/p>","protected":false},"excerpt":{"rendered":"<p>Als Kind wird uns vieles auferlegt und wir werden gepr\u00e4gt durch die Ansichten und Werte unserer Eltern und Entourage. Doch wird man \u00e4lter und jugendlich, so entwickelt man seinen eigenen Charakter \u2013 aus der Summe des Erlernten und Erlebten. Hier gilt es zu entscheiden \u2013 will man in die Fussstapfen der anderen treten oder m\u00f6chte [&hellip;]<\/p>\n","protected":false},"author":1,"featured_media":1367,"parent":0,"menu_order":0,"comment_status":"open","ping_status":"open","template":"","meta":{"footnotes":""},"class_list":["post-898","page","type-page","status-publish","has-post-thumbnail","hentry"],"_links":{"self":[{"href":"https:\/\/www.vertrau-dir.ch\/index.php?rest_route=\/wp\/v2\/pages\/898","targetHints":{"allow":["GET"]}}],"collection":[{"href":"https:\/\/www.vertrau-dir.ch\/index.php?rest_route=\/wp\/v2\/pages"}],"about":[{"href":"https:\/\/www.vertrau-dir.ch\/index.php?rest_route=\/wp\/v2\/types\/page"}],"author":[{"embeddable":true,"href":"https:\/\/www.vertrau-dir.ch\/index.php?rest_route=\/wp\/v2\/users\/1"}],"replies":[{"embeddable":true,"href":"https:\/\/www.vertrau-dir.ch\/index.php?rest_route=%2Fwp%2Fv2%2Fcomments&post=898"}],"version-history":[{"count":20,"href":"https:\/\/www.vertrau-dir.ch\/index.php?rest_route=\/wp\/v2\/pages\/898\/revisions"}],"predecessor-version":[{"id":1294,"href":"https:\/\/www.vertrau-dir.ch\/index.php?rest_route=\/wp\/v2\/pages\/898\/revisions\/1294"}],"wp:featuredmedia":[{"embeddable":true,"href":"https:\/\/www.vertrau-dir.ch\/index.php?rest_route=\/wp\/v2\/media\/1367"}],"wp:attachment":[{"href":"https:\/\/www.vertrau-dir.ch\/index.php?rest_route=%2Fwp%2Fv2%2Fmedia&parent=898"}],"curies":[{"name":"wp","href":"https:\/\/api.w.org\/{rel}","templated":true}]}}

ÜBER MICH

<p>Als Kind wird uns vieles auferlegt und wir werden geprägt durch die Ansichten und Werte unserer Eltern und Entourage. Doch wird man älter und jugendlich, so entwickelt man seinen eigenen Charakter – aus der Summe des Erlernten und Erlebten.</p>
<p>Hier gilt es zu entscheiden – will man in die Fussstapfen der anderen treten oder möchte man seinen eigenen Weg gehen?</p>
<p>Als Jugendliche habe ich mich für den eigenen Weg entschieden und das erste Mal Mentaltraining angewendet, ohne zu wissen, was es ist und dass ich erst 17 Jahre später erfahren sollte, was ich dort eigentlich tat. Weitere Situationen in meinem Leben zeigten, dass ich immer wieder Mentaltraining «lebte» und nicht wusste, wie mir geschah.</p>
<p>Schliesslich wollte ich mich weiterbilden und hatte mich kurzerhand für zwei Module «Mentaltrainer» angemeldet, welche insgesamt vier Samstage dauern sollten. Doch unser Weg ist bereits geschrieben, bevor wir ihn beschreiten, und so wurde aus vier Samstags-Kursen schliesslich eine Diplomausbildung von etwas mehr als einem Jahr.</p>
<p>Die Techniken, Funktionen unserer Denkweise und vieles mehr waren so fesselnd, dass ich mich für eine seriöse Ausbildung entschied, die viel Zeit in Anspruch nahm.</p>
<p>Als langjährige Angehörige der <a href="https://www.fwluzern.ch/" target="_blank">Feuerwehr Stadt Luzern</a> mit diversen Zusatzaufgaben ist mir bekannt, was passiert, wenn Einsatz gefordert ist, man plötzlich aus dem regulären Alltagstrott gerissen wird und sich unerwartet auf neue, schwierige Situationen einstellen muss. Daher richtet sich mein <a href="http://www.vertrau-dir.ch/?page_id=74">Angebot</a> auch an <a href="http://www.vertrau-dir.ch/?page_id=1126">Angehörige von Blaulichtorganisationen und Sicherheitsdiensten</a>.</p>
<h5>Hier können einfache Techniken eingesetzt werden, um…</h5>
<p>… einen kühlen Kopf zu behalten,<br />
… Ruhe zu bewahren und somit<br />
… rational und effizient arbeiten zu können.</p>
<p>Denn nur so kann die bestmögliche Leistung erbracht werden.</p>
<h5>Meine zwei Lebensmottos sind…</h5>
<p>… «geht nicht gibt’s nicht» und<br />
… «was nicht passt, wird passend gemacht»</p>
<p>Möchten Sie mehr über mich, meine Arbeit und Erfahrungen wissen? <a href="http://www.vertrau-dir.ch/?page_id=82">Kontaktieren Sie mich</a> zu einem kostenlosen Beratungsgespräch. Ich freue mich auf Ihren Besuch!</p>

<p>Als Kind wird uns vieles auferlegt und wir werden geprägt durch die Ansichten und Werte unserer Eltern und Entourage. Doch wird man älter und jugendlich, so entwickelt man seinen eigenen Charakter – aus der Summe des Erlernten und Erlebten. Hier gilt es zu entscheiden – will man in die Fussstapfen der anderen treten oder möchte [&hellip;]</p>
