{"id":1099,"date":"2016-10-13T11:41:52","date_gmt":"2016-10-13T09:41:52","guid":{"rendered":"http:\/\/www.vertrau-dir.ch\/?page_id=1099"},"modified":"2016-11-07T12:56:32","modified_gmt":"2016-11-07T11:56:32","slug":"mentaltraining-wozu","status":"publish","type":"page","link":"https:\/\/www.vertrau-dir.ch\/?page_id=1099","title":{"rendered":"MENTALTRAINING \u2013 WOZU?"},"content":{"rendered":"<p>Gesunder und entspannter Schlaf? Selbstbewusst vor Leuten Reden halten oder gelassen eine wichtige Pr\u00fcfung schreiben? Nur die positiven Angewohnheiten beibehalten, den Ballast hinter sich lassen und dadurch unbeschwerter und zufriedener durch den Alltag gehen? Oder den Alltag strukturierter und zielgerichteter bestreiten? Wieder lernen, sich abzugrenzen und zu sich Ja sagen zu k\u00f6nnen? Ein Ziel konkret in Angriff nehmen? Gelassen im Verkehrsstau stehen oder zu einer unangenehmen Aufgabe aufbrechen, statt sich zu nerven?<\/p>\n<h4>Unbegrenzte Anwendungsm\u00f6glichkeiten<\/h4>\n<p>Bei all diesen Vorhaben kann Mentaltraining f\u00fcr Sie unterst\u00fctzend \u2013 oder gar der Weg zum Ziel sein. Pr\u00fcfungsangst, Angst vor wichtigen Gespr\u00e4chen oder gewissen Situationen k\u00f6nnten schon bald der Vergangenheit angeh\u00f6ren. Die M\u00f6glichkeiten des mentalen Trainings sind beinahe unbegrenzt. Einen \u00dcberblick \u00fcber einige Anwendungsbereiche des Mentaltrainings, finden Sie <a href=\"http:\/\/www.vertrau-dir.ch\/?p=84\">hier<\/a>.<\/p>\n<h4>Ihre unterbewussten Gedanken\u00a0bestimmen Ihr Leben<\/h4>\n<p>Nutzen Sie die mentale St\u00e4rke in Ihnen, welche sich meist nur im Unterbewusstsein befindet, k\u00fcnftig bewusst. Zum gr\u00f6ssten Teil ist diese n\u00e4mlich daf\u00fcr verantwortlich, professionell und erfolgreich mit neuen Herausforderungen umgehen zu k\u00f6nnen. Es gibt immer wieder schwierige Situationen im Leben, doch Sie alleine bestimmen, wie Sie diese bestreiten wollen. Lassen Sie sich \u00fcberraschen, was in Ihnen steckt und erfahren Sie mehr dar\u00fcber, <a href=\"http:\/\/www.vertrau-dir.ch\/?page_id=1093\">was Mentaltraining ist und wie es funktioniert<\/a>.<\/p>\n<p>Nehmen Sie die Umsetzung Ihrer Ziele noch heute in die Hand. Die Kraft dazu steckt in jedem \u2013 ich unterst\u00fctze Sie bei deren Aktivierung. Freuen Sie sich auf Ihren Erfolg!<\/p>","protected":false},"excerpt":{"rendered":"<p>Gesunder und entspannter Schlaf? Selbstbewusst vor Leuten Reden halten oder gelassen eine wichtige Pr\u00fcfung schreiben? Nur die positiven Angewohnheiten beibehalten, den Ballast hinter sich lassen und dadurch unbeschwerter und zufriedener durch den Alltag gehen? Oder den Alltag strukturierter und zielgerichteter bestreiten? Wieder lernen, sich abzugrenzen und zu sich Ja sagen zu k\u00f6nnen? Ein Ziel konkret [&hellip;]<\/p>\n","protected":false},"author":1,"featured_media":93,"parent":0,"menu_order":0,"comment_status":"closed","ping_status":"closed","template":"","meta":{"footnotes":""},"class_list":["post-1099","page","type-page","status-publish","has-post-thumbnail","hentry"],"_links":{"self":[{"href":"https:\/\/www.vertrau-dir.ch\/index.php?rest_route=\/wp\/v2\/pages\/1099","targetHints":{"allow":["GET"]}}],"collection":[{"href":"https:\/\/www.vertrau-dir.ch\/index.php?rest_route=\/wp\/v2\/pages"}],"about":[{"href":"https:\/\/www.vertrau-dir.ch\/index.php?rest_route=\/wp\/v2\/types\/page"}],"author":[{"embeddable":true,"href":"https:\/\/www.vertrau-dir.ch\/index.php?rest_route=\/wp\/v2\/users\/1"}],"replies":[{"embeddable":true,"href":"https:\/\/www.vertrau-dir.ch\/index.php?rest_route=%2Fwp%2Fv2%2Fcomments&post=1099"}],"version-history":[{"count":5,"href":"https:\/\/www.vertrau-dir.ch\/index.php?rest_route=\/wp\/v2\/pages\/1099\/revisions"}],"predecessor-version":[{"id":1182,"href":"https:\/\/www.vertrau-dir.ch\/index.php?rest_route=\/wp\/v2\/pages\/1099\/revisions\/1182"}],"wp:featuredmedia":[{"embeddable":true,"href":"https:\/\/www.vertrau-dir.ch\/index.php?rest_route=\/wp\/v2\/media\/93"}],"wp:attachment":[{"href":"https:\/\/www.vertrau-dir.ch\/index.php?rest_route=%2Fwp%2Fv2%2Fmedia&parent=1099"}],"curies":[{"name":"wp","href":"https:\/\/api.w.org\/{rel}","templated":true}]}}

<p>Gesunder und entspannter Schlaf? Selbstbewusst vor Leuten Reden halten oder gelassen eine wichtige Prüfung schreiben? Nur die positiven Angewohnheiten beibehalten, den Ballast hinter sich lassen und dadurch unbeschwerter und zufriedener durch den Alltag gehen? Oder den Alltag strukturierter und zielgerichteter bestreiten? Wieder lernen, sich abzugrenzen und zu sich Ja sagen zu können? Ein Ziel konkret in Angriff nehmen? Gelassen im Verkehrsstau stehen oder zu einer unangenehmen Aufgabe aufbrechen, statt sich zu nerven?</p>
<h4>Unbegrenzte Anwendungsmöglichkeiten</h4>
<p>Bei all diesen Vorhaben kann Mentaltraining für Sie unterstützend – oder gar der Weg zum Ziel sein. Prüfungsangst, Angst vor wichtigen Gesprächen oder gewissen Situationen könnten schon bald der Vergangenheit angehören. Die Möglichkeiten des mentalen Trainings sind beinahe unbegrenzt. Einen Überblick über einige Anwendungsbereiche des Mentaltrainings, finden Sie <a href="http://www.vertrau-dir.ch/?p=84">hier</a>.</p>
<h4>Ihre unterbewussten Gedanken bestimmen Ihr Leben</h4>
<p>Nutzen Sie die mentale Stärke in Ihnen, welche sich meist nur im Unterbewusstsein befindet, künftig bewusst. Zum grössten Teil ist diese nämlich dafür verantwortlich, professionell und erfolgreich mit neuen Herausforderungen umgehen zu können. Es gibt immer wieder schwierige Situationen im Leben, doch Sie alleine bestimmen, wie Sie diese bestreiten wollen. Lassen Sie sich überraschen, was in Ihnen steckt und erfahren Sie mehr darüber, <a href="http://www.vertrau-dir.ch/?page_id=1093">was Mentaltraining ist und wie es funktioniert</a>.</p>
<p>Nehmen Sie die Umsetzung Ihrer Ziele noch heute in die Hand. Die Kraft dazu steckt in jedem – ich unterstütze Sie bei deren Aktivierung. Freuen Sie sich auf Ihren Erfolg!</p>

<p>Gesunder und entspannter Schlaf? Selbstbewusst vor Leuten Reden halten oder gelassen eine wichtige Prüfung schreiben? Nur die positiven Angewohnheiten beibehalten, den Ballast hinter sich lassen und dadurch unbeschwerter und zufriedener durch den Alltag gehen? Oder den Alltag strukturierter und zielgerichteter bestreiten? Wieder lernen, sich abzugrenzen und zu sich Ja sagen zu können? Ein Ziel konkret [&hellip;]</p>
