{"id":1015,"date":"2016-10-05T12:52:50","date_gmt":"2016-10-05T10:52:50","guid":{"rendered":"http:\/\/www.vertrau-dir.ch\/?page_id=1015"},"modified":"2025-10-13T07:46:19","modified_gmt":"2025-10-13T05:46:19","slug":"preise","status":"publish","type":"page","link":"https:\/\/www.vertrau-dir.ch\/?page_id=1015","title":{"rendered":"PREISE"},"content":{"rendered":"<p>Die Preise\u00a0richten sich nach Ihrem Bed\u00fcrfnis (dem gebuchtem <a href=\"http:\/\/www.vertrau-dir.ch\/?page_id=74\">Angebot<\/a>) und werden im ersten, kostenlosen Beratungsgespr\u00e4ch festgelegt. An diesem Gespr\u00e4ch wird auch Ihr individueller Coaching-Plan definiert.<\/p>\n<p>Erfahrungsgem\u00e4ss sind sechs bis acht Coachings erforderlich, um Ihr Ziel zu erreichen und Ihr Leben nachhaltig zu ver\u00e4ndern. Erfahren Sie mehr dar\u00fcber, was Sie <a href=\"http:\/\/www.vertrau-dir.ch\/?page_id=71\">an meinen Coachings erwartet <\/a>und was Sie zu Ihrem Erfolg beitragen m\u00fcssen. Ein Coaching dauert rund 45 Minuten und wird je nach Anspruch bei mir in Niedermuhren oder an einem individuell vereinbarten Ort stattfinden. Allf\u00e4llige Fahrspesen werden separat verrechnet.<\/p>\n<h4>Das erste Beratungsgespr\u00e4ch ist kostenlos<\/h4>\n<p>G\u00f6nnen Sie sich diese Konsultation und lassen Sie sich \u00fcberraschen. Vereinbaren Sie Ihren\u00a0<a href=\"http:\/\/www.vertrau-dir.ch\/?page_id=1049\">Termin<\/a> oder schreiben Sie mir eine <a href=\"http:\/\/www.vertrau-dir.ch\/?page_id=82\">Nachricht<\/a>.<\/p>\n<h4>Ich akzeptiere folgende Zahlungsmittel<\/h4>\n<p><strong>Barzahlung<\/strong><\/p>\n<p><a href=\"http:\/\/www.vertrau-dir.ch\/?attachment_id=1131\" rel=\"attachment wp-att-1131\"><img loading=\"lazy\" decoding=\"async\" class=\"alignnone size-medium wp-image-1131\" src=\"http:\/\/www.vertrau-dir.ch\/wp-content\/uploads\/2025\/10\/Twint-logo.png\" alt=\"bildschirmfoto-2016-10-25-um-11-32-45\" width=\"300\" height=\"46\" \/><\/a><\/p>\n<p><strong>Bank\u00fcberweisung<\/strong> (im Voraus):\u00a0vertrau-dir.ch, Michelle Crapella, Niedermuhren 60, 1714 Heitenried<br \/>\nIBAN: CH33 8080 8009 4978 4375 0<br \/>\nSWIFT-BIC: RAIFCH22<\/p>\n<h4>Ich freue mich auf Sie!<\/h4>\n<p>Michelle Crapella-Papet<br \/>\nDipl. Mentaltrainerin<\/p>","protected":false},"excerpt":{"rendered":"<p>Die Preise\u00a0richten sich nach Ihrem Bed\u00fcrfnis (dem gebuchtem Angebot) und werden im ersten, kostenlosen Beratungsgespr\u00e4ch festgelegt. An diesem Gespr\u00e4ch wird auch Ihr individueller Coaching-Plan definiert. Erfahrungsgem\u00e4ss sind sechs bis acht Coachings erforderlich, um Ihr Ziel zu erreichen und Ihr Leben nachhaltig zu ver\u00e4ndern. Erfahren Sie mehr dar\u00fcber, was Sie an meinen Coachings erwartet und was [&hellip;]<\/p>\n","protected":false},"author":1,"featured_media":0,"parent":0,"menu_order":0,"comment_status":"closed","ping_status":"closed","template":"","meta":{"footnotes":""},"class_list":["post-1015","page","type-page","status-publish","hentry"],"_links":{"self":[{"href":"https:\/\/www.vertrau-dir.ch\/index.php?rest_route=\/wp\/v2\/pages\/1015","targetHints":{"allow":["GET"]}}],"collection":[{"href":"https:\/\/www.vertrau-dir.ch\/index.php?rest_route=\/wp\/v2\/pages"}],"about":[{"href":"https:\/\/www.vertrau-dir.ch\/index.php?rest_route=\/wp\/v2\/types\/page"}],"author":[{"embeddable":true,"href":"https:\/\/www.vertrau-dir.ch\/index.php?rest_route=\/wp\/v2\/users\/1"}],"replies":[{"embeddable":true,"href":"https:\/\/www.vertrau-dir.ch\/index.php?rest_route=%2Fwp%2Fv2%2Fcomments&post=1015"}],"version-history":[{"count":24,"href":"https:\/\/www.vertrau-dir.ch\/index.php?rest_route=\/wp\/v2\/pages\/1015\/revisions"}],"predecessor-version":[{"id":1368,"href":"https:\/\/www.vertrau-dir.ch\/index.php?rest_route=\/wp\/v2\/pages\/1015\/revisions\/1368"}],"wp:attachment":[{"href":"https:\/\/www.vertrau-dir.ch\/index.php?rest_route=%2Fwp%2Fv2%2Fmedia&parent=1015"}],"curies":[{"name":"wp","href":"https:\/\/api.w.org\/{rel}","templated":true}]}}